- (-20)/(-16).
7, 11
Let k = 5763 - 3087. List the prime factors of k.
2, 3, 223
Let d be (126/(-5))/(2 + 144/(-60)). Let t = d - 59. List the prime factors of t.
2
Suppose -4*z - w = -3644, 5*z - 2*w - 2*w = 4555. Let l = z + -654. What are the prime factors of l?
257
Let q(u) = 50*u - 5. Let v be -10*5*(8 + -5 - 5). Let b = 102 - v. What are the prime factors of q(b)?
5, 19
Suppose -48*c - 2*c = -7*c - 605870. What are the prime factors of c?
2, 5, 1409
Suppose 17 = 4*k - 23. What are the prime factors of (1*-48)/((-15)/k)?
2
Let b(i) = -i**2 + 0*i + 154 + i - 154. Let u(t) = -4*t**2 - 2*t - 7. Let d(a) = -5*b(a) + u(a). What are the prime factors of d(12)?
53
Let m = 7830 - -2201. What are the prime factors of m?
7, 1433
Suppose 88103 = 35*y - 454292. List the prime factors of y.
15497
Let j = 37 - -96. Suppose -45 = 4*a - j. List the prime factors of a.
2, 11
Suppose 3*z - 4 = 4*z. Let y be (1*(-1 + 3) + z)*-1. List the prime factors of (-3)/(y + -1)*-25.
3, 5
Let m = -105 + 113. Suppose -5*r = -3*v + 961, -m*v = -3*v + 3*r - 1579. List the prime factors of v.
317
Suppose 5*y - 3*z = 60, z - 5 = 2*z. Suppose -5*q + 429 = 2*j, -5*q = y*j - 13*j + 783. What are the prime factors of j?
2, 101
Let h(x) = 43*x - 11. Let j be h(11). Suppose 490 = -8*m + 5498. Suppose 3*f + 2*s - s - j = 0, -4*f + 2*s + m = 0. What are the prime factors of f?
5, 31
Let y(a) = 98*a**2 + 16*a - 11. What are the prime factors of y(3)?
919
Let d(y) = 27*y**2 - 271*y + 197. What are the prime factors of d(28)?
23, 599
List the prime factors of 5/(-15) + (-38)/(-6) - (-3 - 7216).
5, 17
Let l be 1 - ((-486)/3 - 4/4). List the prime factors of 2523/4*l/123.
29
Suppose 7*u - u = 6. Let b be -17*u/(-3) - 2/(-6). List the prime factors of -3 + ((-2)/(-3)*b - -31).
2
Let z = -50 - -50. Suppose z = 5*a + 28 + 67. What are the prime factors of ((-100)/(-15))/(a/(-9) - 2)?
2, 3, 5
Let y(l) be the first derivative of -23*l**2 - 207*l - 140. List the prime factors of y(-10).
11, 23
Let w(u) = 3949*u**3 + 4*u**2 - 1. List the prime factors of w(1).
2, 13, 19
Suppose -9*b = 5*b - 700. Suppose b*x + 2 = 48*x. What are the prime factors of -10 - -245 - (1 - x)?
233
Suppose b + 2*b = 3*g + 531, -3*g - 706 = -4*b. Suppose 0 = l + 3*y - 4, 5*l - 40*y + 56 = -36*y. Let s = l + b. What are the prime factors of s?
167
Suppose 0 = -4*q + 61*m - 58*m + 20823, 2*q = 2*m + 10410. List the prime factors of q.
2, 3, 7, 31
Suppose -14 = -b - 0*b + 2*n, -25 = 5*n. Let h be -3 - 1 - b/(-1). Suppose -4*y - t + 281 = h, 3*y + 0*t - 197 = 2*t. List the prime factors of y.
3, 23
Let r be (-3 + 0)*-2 - 390. Let u = r + 650. List the prime factors of u.
2, 7, 19
Let w(f) = f**3 + 4*f**2 + f + 2. Let o be w(8). Suppose 2*n + 4*c - o = 0, -3*n + 4*c - 89 = -1296. What are the prime factors of n?
397
Let q be 17/(-2) + 1/2. What are the prime factors of ((-40)/15)/q*1002?
2, 167
List the prime factors of 36/(-5)*(-498075)/290.
2, 3, 229
Let y(a) = a**3 + 2*a - 16. Let b be y(7). Let x = b + -273. List the prime factors of x.
2, 17
Let j(a) = 87*a - 14. Let g = 174 + -170. What are the prime factors of j(g)?
2, 167
Let q(v) = v**2 - 12*v - 2. Let j be q(15). Let n = 48 - j. Let l(x) = 28*x + 10. List the prime factors of l(n).
2, 3, 5
Suppose 7*d = 1823 + 207. Suppose -7*a = -2*a - d. Let j = a + 69. List the prime factors of j.
127
Let j(l) = 452*l - 1213. List the prime factors of j(9).
5, 571
Let f(p) = -2*p**3 + 3*p**2 + 7*p + 1. Let n be f(-2). Suppose 300 = 2*a - 2*y, 0 = 16*a - n*a + y - 148. List the prime factors of a.
149
Suppose -1164 = 4*g + 4*w, 2*g - 3*w + 579 = -8*w. Let p = 119 - g. List the prime factors of p.
3, 137
Suppose 0 = 10*t - 23 - 47. Suppose t*l - 16*l = -1521. List the prime factors of l.
13
Suppose 6182 = 2*x + 2*v, -v - 2461 = -x + 632. What are the prime factors of x?
2, 773
Let w(j) = -j**2 + 16*j - 38. Let x be w(8). Let m(b) = 24*b - 111. What are the prime factors of m(x)?
3, 19
Suppose -2*m - 4 = 4. Let g be (-1)/((-3 - -6) + 14/m). Suppose c + 8*h - 4*h = 59, 127 = g*c - h. List the prime factors of c.
3, 7
Suppose -f + 19 = -5*n - 28, 4*n = 4. Let d = 52 - f. Suppose 3*u - 25 - 53 = d. List the prime factors of u.
2, 13
List the prime factors of ((-24)/(-18) - -6)/((-10)/(-10650)).
2, 5, 11, 71
Suppose 2*l - 8638 = 4*u, -u - 8653 = 6*l - 8*l. Let n = -2797 + l. What are the prime factors of n?
2, 383
Let c(d) be the third derivative of 0*d + 0 - 11*d**2 + 59/30*d**5 + 1/24*d**4 + 1/6*d**3. What are the prime factors of c(-1)?
2, 59
List the prime factors of (11471 - -2) + 6 - -5.
2, 3, 11, 29
Suppose -5*g + 15*g - 30 = 0. List the prime factors of g/(1036/(-208) - -5).
2, 3, 13
Suppose 4*s + 5*i - 38650 = 0, -22*s + 21*s + 5*i + 9700 = 0. List the prime factors of s.
2, 5, 967
Let v = -553 + 567. Suppose v*l - 4184 = 1080. List the prime factors of l.
2, 47
What are the prime factors of 4 - (-4)/(-2) - 912828/(-28)?
32603
Let h = 20 + -1. Suppose 3*d + 15 = 3*z - 0*d, -3*z = -5*d - h. Suppose -2*c + 4*u = -140, u + z*u = -c + 100. List the prime factors of c.
2, 5
Suppose -2*n = 24*n + 26. List the prime factors of (0 + n - 1)/(4/(-438)).
3, 73
Let k = -39 + 40. Let x be (((-72)/28)/k)/((-3)/21). List the prime factors of (x/2 - 3)/(8/180).
3, 5
Suppose -d = 4*d - 3*t - 29, -4*d = 4*t - 4. Suppose -d*c - 1715 = 8*s - 3*s, 0 = -5*s + 25. List the prime factors of 4/6*c/(-10).
29
Let r(h) = -h**3 + 9*h**2 + 6*h - 37. Let f be r(11). Let y = f - -305. What are the prime factors of y?
2, 23
Suppose 0 = 3*c - 19 - 26. Suppose -9*y = -5*y - 12. Suppose c = y*i - 123. List the prime factors of i.
2, 23
Let h(r) = -2*r**3 - 2*r**2 - 2*r. Let i be h(-6). Let c = 735 - i. Suppose 0 = -3*m + 6*m - c. List the prime factors of m.
11
List the prime factors of (2 + 569)/((-42)/(-1162)) + (-8)/(-6).
7, 37, 61
Let r = 1376 + -874. List the prime factors of r.
2, 251
Let o = -708 - -2991. What are the prime factors of o?
3, 761
Let j = 3762 - -3878. What are the prime factors of j?
2, 5, 191
Let h(a) = 991*a**2 - 7*a - 6. Let q be h(-2). Suppose q = 10*p - 228. What are the prime factors of p?
2, 3, 5, 7
Suppose -23 = 10*k - 43. Suppose v = -3*t + 5*v + 1415, 2*t - 940 = k*v. What are the prime factors of t?
3, 5, 31
What are the prime factors of ((68 - 14) + -15)*2931/9?
13, 977
Let q(m) = 12*m - 25. Let j be q(12). Suppose 3*s - g = 1236, 4*g + j = s - 282. What are the prime factors of s?
7, 59
Suppose -329 = 6*v - 533. List the prime factors of v - 32 - (-306 + (1 - 2)).
3, 103
Suppose -4*u + 32752 = -2*l, 1225*l - 16376 = -2*u + 1223*l. List the prime factors of u.
2, 23, 89
Let t(s) = 149*s**2 + 48*s + 319. What are the prime factors of t(-8)?
3, 7, 11, 41
Let x be -415*1/((-5)/(3 - 8)). Let j = x - -1198. What are the prime factors of j?
3, 29
Let x(g) = 6 + 2 + 2*g - 3. Let s be x(0). Let u(f) = f**3 - 3*f**2 - 5*f - 5. What are the prime factors of u(s)?
2, 5
Suppose -3*o + 4 = -3*f - 5, 2*f = 6. List the prime factors of 254 + (o - 4) + 6.
2, 131
Let a(l) be the third derivative of 127*l**5/20 + 3*l**4/2 + 25*l**3/2 - 297*l**2. List the prime factors of a(-2).
3, 509
Let q(f) = 1237*f - 622. What are the prime factors of q(8)?
2, 4637
Let h(k) = 37*k - 11*k + k**2 + 12*k**2 - 125 - 12*k**2. List the prime factors of h(-36).
5, 47
Let c(w) = 46884*w - 1845. List the prime factors of c(1).
3, 15013
Let d(y) = -109*y + 182. Let v be d(4). Let g = 266 + v. What are the prime factors of g?
2, 3
Let d = 18989 + 37639. What are the prime factors of d?
2, 3, 11, 13
Let x be -10*(-530)/(-8) + 2/4. Let t = 1027 + x. What are the prime factors of t?
5, 73
Suppose 0 = 2*a + 6*a - 16. Suppose -i = -a*i. Suppose i = 5*f - 31 - 19. List the prime factors of f.
2, 5
Let v = 17125 - 10070. What are the prime factors of v?
5, 17, 83
Let w = -18 + 16. Let l be ((-6)/15)/(w/20). Suppose -4*u - 4*f + f + 341 = 0, l*u = -5*f + 347. What are the prime factors of u?
83
Let o(i) = -i**2 - 18*i - 21. Let s(l) = l**3 + 1. Let u be s(-1). Suppose u = 4*n - 2*x + 58, 0*x - 5*x - 15 = 0. What are the prime factors of o(n)?
11
Let h be (-3 - -34)/((-1)/(-2)). Suppose 9*g = 2410 - 1177. Let d = g - h. What are the prime factors of d?
3, 5
Let d = -357 + 360. What are the prime factors of ((-16)/(-24))/(